et s be ((-2)/13 - 144/78) + -1. What is the tens digit of r(s)?
5
Let x(d) = -616*d + 19. Let h be x(-1). Let t = h - -357. What is the units digit of t?
2
Let r = -21082 - -25763. What is the units digit of r?
1
Let a(f) = 7*f - 4*f**2 - 15*f + 7*f - 1. Let i be a(-9). What is the tens digit of i/(-14) - 6/(-14)?
2
Suppose 59*z - 72*z + 87659 = 0. What is the hundreds digit of z?
7
Suppose -g - 104 - 152 = -2*n, -3*n - 2*g = -391. Suppose 143*m - 11018 = n*m. What is the units digit of m?
7
Let f(r) = 21*r**2 + 3*r + 2. Let v be f(3). Let a = v + 77. What is the tens digit of a?
7
Let h = 251 - 226. Suppose 5*w = -3*k + 435 - h, -5*w - 4*k + 415 = 0. What is the tens digit of w?
7
Suppose -6*c + 6*c = 3*c. Suppose c = -j - 4*j + 5. Let s(n) = 26*n - 5. What is the tens digit of s(j)?
2
Let y(a) = -a**3 + 6*a**2 - 7*a + 15. Let m be y(6). Let o be (-36)/m*-3*1. What is the units digit of o/10 + (-1863)/(-45)?
1
Suppose 5*t - 333845 = -5*n, 3*n - 4*t - 277832 + 77581 = 0. What is the hundreds digit of n?
7
Let t = -2047 - -9552. What is the thousands digit of t?
7
Let z = -545 + 543. Let y(m) = 101*m**2 + 2*m + 3. What is the units digit of y(z)?
3
Suppose 4*v = -4*x - 24, -2*v - 5 = -13. Let y(c) = -172*c + 208. What is the tens digit of y(x)?
2
Let r = -9 + 9. Suppose -3*h - 11 + 17 = r. Suppose 3*m - 76 = h*m. What is the tens digit of m?
7
Let y = 15302 + 36727. What is the thousands digit of y?
2
Suppose -3*x - 178 = -i + 6*i, -i + 1 = 0. Let b = x + 65. Suppose 0 = b*l + p - 515, -l + 675 = 4*l - 5*p. What is the tens digit of l?
3
Suppose -3497*u + 3502*u - 10883 - 1877 = 0. What is the thousands digit of u?
2
Let a = -162 + -88. What is the tens digit of (-27 - a)*1/1?
2
Let o(v) = -4*v + 10. Let f be o(2). Let i(h) = -20 - 8 + h - 3*h + 4*h**f - 1. What is the units digit of i(-5)?
1
Let z be ((-5944)/12)/1 - 1/(-3). Let q = -202 - z. What is the hundreds digit of q?
2
Let f = 1030 - -5455. What is the units digit of f?
5
Suppose -9 = -5*u - 19, -a = -5*u - 35. Suppose -4271 = -a*c + 2979. What is the hundreds digit of c?
2
Let x(a) = -52*a + 3572. What is the tens digit of x(0)?
7
Let i(v) = -2*v**3 + 29*v**2 - 16*v + 23. Let m be i(14). What is the units digit of (-5)/((m/293)/5) + -3?
2
Let c(h) = h**2 + 4*h - 1448. Let a be c(0). What is the thousands digit of (a/(-12))/(6*3/216)?
1
Let h(g) = 9 - 7 + 9*g**2 - 8*g**2 - 20*g. Let q be h(20). Suppose -q*l = 2*l - 216. What is the tens digit of l?
5
What is the units digit of 6476 - (-1 + 8 + 2)?
7
Suppose -239 - 37 = 12*c. What is the tens digit of (1 + c)*(3 + (-13)/2)?
7
Suppose 6*l + 0*l + 19*l - 160575 = 0. What is the hundreds digit of l?
4
Let q = 3 + 0. Suppose 3*a = -a - h + 470, 0 = -a - q*h + 112. Let d = a - 58. What is the units digit of d?
0
Suppose 3*q = 3*g - 519, 3*g - q - 131 = 386. Let r = g - 92. What is the units digit of r?
0
Let l(c) = 25*c**2 + 26*c + 83. What is the units digit of l(-7)?
6
Let h be 25/5 + 12/(-2). Let k be 8 + (-1 - 5) + (-3)/h. Suppose 0 = -k*l + u + 467, -5*l - u - 166 = -629. What is the units digit of l?
3
Let w be (-310)/40 + (-1)/4. Let t be ((32/12)/w)/((-2)/(-30)). What is the tens digit of (24/(-3))/((10/16)/t)?
6
Let c be (-46475)/77 + 8/14. Let a = 1030 + c. What is the tens digit of a?
2
Let q(p) = -p**3 + 3*p**2 + 2*p - 3. Let t be q(2). Let l = -38 - -344. Suppose t*r - l = 359. What is the units digit of r?
3
Let c(j) = 338*j**2 - 73*j + 426. What is the hundreds digit of c(8)?
4
Let z = -3896 + 13277. What is the thousands digit of z?
9
Let c be 10788/5 + (-10)/(-125)*5. Suppose -c - 572 = -15*x. What is the hundreds digit of x?
1
Let l(m) = 49 - 33*m + 12 - 2. What is the units digit of l(-11)?
2
Let z be (-1 - 1) + 2 + (-20)/5. Let h be -2 + 5/2 + (-14)/z. What is the tens digit of 3/(-2) + 5 + 386/h?
0
Suppose -5*k = 5*z - 0*z + 10, -2*k = -z + 1. What is the hundreds digit of (-32 + z)/((-102)/2380)?
7
Suppose -3*l - 2*l = 3*x - 54, -4*l + 3*x + 54 = 0. Let s(r) = 2*r. Let h be s(l). Suppose h = t + 6. What is the units digit of t?
8
Suppose 2*l - 4*d = 394, 31*d + 202 = l + 28*d. Suppose 0 = -3*x + x + 138. Let g = l - x. What is the tens digit of g?
1
Let c = 91591 + -57084. What is the thousands digit of c?
4
Suppose -17*u = -80176 + 23056. What is the units digit of u?
0
Let t(i) be the second derivative of -23*i**3/2 - 35*i**2/2 + 2*i + 2. What is the hundreds digit of t(-9)?
5
Suppose -24*f + 6438 = -52194. What is the thousands digit of f?
2
Let q be (-6)/(-9)*3/2 - 2. Let n be 0/3 - 251/q. Suppose -5*h - n = -3*x, -240 = -3*x - 4*h - 25. What is the units digit of x?
7
Suppose 65*b - 62*b = 4*w + 25512, -3*w = 2*b - 17025. What is the thousands digit of b?
8
Suppose -11*q - 3419 = -38377. What is the units digit of q?
8
Let i(o) = -9174*o + 433. What is the units digit of i(-1)?
7
Suppose 0*c + 303137 = 14*c + 15*c. What is the hundreds digit of c?
4
Let y(o) = -7*o**3 - o**2 - 3*o - 2. Let d be 1/3*1/(4/(-1236)). Let g = d + 100. What is the hundreds digit of y(g)?
1
Suppose 2*n = 2*c + 14, 2*n + c = 7*n - 23. Suppose -5*m - 4*h + 1246 = -3*m, -3*m - n*h + 1863 = 0. Suppose 0 = -5*v + m - 92. What is the units digit of v?
5
Let f(s) = -s**3 + s**2 + 4. Let y be f(4). Let c = y + 48. Suppose -4*w = c*w - 712. What is the units digit of w?
9
Suppose 9*l = 2905 + 2243. Let u(a) = 6*a + 4. Let w be u(4). Suppose w*b = 24*b + l. What is the hundreds digit of b?
1
What is the units digit of (-38)/(-10)*1205 - 6?
3
Suppose -12073 = -3*g - 44*z + 49*z, g + z - 4027 = 0. What is the thousands digit of g?
4
Let r = -6002 - -6651. Let f(n) = n**3 - 4*n**2 + 8*n + 2. Let t be f(-6). Let b = t + r. What is the tens digit of b?
4
Suppose 0 = 4*c - 74 - 26. Let i = c + -22. Suppose 3*h + i*y = 2*y + 157, 0 = h + y - 53. What is the units digit of h?
2
What is the hundreds digit of 47070/(-120)*(-3584)/21?
9
Let n(o) = 8*o**3 + 43*o**2 - 236*o + 68. What is the units digit of n(16)?
8
Let l(a) = a**3 - a**2 - 4*a. Let p be l(3). Suppose -3*q = -p*q - 5*j - 30, -5*q - 50 = 4*j. Let d = q - -88. What is the tens digit of d?
7
Let j(i) = -43*i + 8 - 57*i + 107*i + 28*i**2. Let a be j(-2). Let x = 244 - a. What is the hundreds digit of x?
1
Let j(p) = -p**2 - 21*p + 12. Suppose 6*y = 5*y - 2. Let i = -20 - y. What is the units digit of j(i)?
6
Suppose 3*v = -4*i + 16 + 54, -v = -5*i - 55. Suppose 75 = 31*k - v*k. What is the units digit of k?
5
What is the ten thousands digit of (16737 - -6)*(1 - 9/(243/9))?
1
Let u(p) = -105*p + 737. Let n be u(7). Let f(i) = 3*i - 3. Let z be f(2). Suppose -z*q - n + 26 = 0. What is the units digit of q?
8
Let h(i) = i**3 + 8*i**2 + 14*i + 12. Let p be h(-5). Suppose p*f = 13*f + 8. Suppose r = 3*r + 3*b - 367, f*r - 366 = -4*b. What is the hundreds digit of r?
1
Let v = 25 + -1. Suppose -6 = -6*c + v. Suppose f - 272 = -c*q, 0 = -q - 3*f - f + 62. What is the units digit of q?
4
Let s = -2821 + 23744. What is the units digit of s?
3
Suppose 3*p = 4*y - p - 32, -3*y = -2*p - 23. Let o be (y + -8)/(3/(-9)). What is the tens digit of (745/(-20) - o)*-4?
6
Let u(x) = -32*x + 14. Let t be u(5). Let c be (-12)/(-2)*(1 + t/(-6)). Suppose -5*z - w + c = 0, 4*z - 5*z = -3*w - 24. What is the tens digit of z?
3
Let z(y) = 9612*y**2 - 36*y + 35. What is the tens digit of z(1)?
1
Let g(r) = 34*r**2 - 2*r + 186. What is the thousands digit of g(-10)?
3
Let x(s) = s**2 - 17*s + 15. Let j = -89 - -152. Let q = -46 + j. What is the units digit of x(q)?
5
Let n = -197 - -216. Let x = n + 332. What is the tens digit of x?
5
Suppose 252*o - 2494004 = 712444. What is the ten thousands digit of o?
1
Suppose 4*y + 24493 = 2*v - 30777, 4*v = -4*y + 110588. What is the tens digit of v?
4
Let i(b) = -19*b - 10*b**3 + 14 + 2*b**3 + 5 + 5*b**3 + 7*b**3 - 9*b**2. What is the hundreds digit of i(8)?
3
Let o(v) = -2*v**2 - 6*v + 3. Let u be o(-3). Suppose 1 = -s + u. What is the tens digit of 14*(8/s)/2?
2
Let g be 14 + (40/(-8))/((-2)/(-2)). What is the units digit of 421 + 0/(3 - g)?
1
Suppose 0 = -3*q - 4*f + 1040, -2*q = -4*f - 403 - 317. Let g = -302 + q. What is the tens digit of g?
5
Let l = 716 - 674. What is the hundreds digit of (-9428)/(-12) + (-28)/l?
7
Let s be (-4)/(-6)*2*(-558)/3. Let o = s - -457. Suppose 